the value of 10 - ((9 - -14) + -13) - 7?
-7
(81 + -50 - 52) + -24
-45
Evaluate -71 - ((12 - -1) + -42 + 14).
-56
What is -59 - (-98 - (36 + -29))?
46
What is 0 - -9 - (-49 - (135 - 249))?
-56
What is 47 + -2 - (6 + (-119 - -107))?
51
What is (-15 - 17) + (-38 - -7) - (8 + -2 + -1)?
-68
Calculate 62 + -58 + -12 + -22 + 63.
33
What is 4 + 12 + (-12 + 4 - 6) - -10?
12
Calculate 55 - (-27 - (-56 + (-19 - -57))).
64
Calculate (-5 - 3) + -11 + 6 + -15 + -8.
-36
Calculate -4914 - -4946 - (2 - -1).
29
Evaluate -63 - (61 + -37 - 59).
-28
What is the value of -1 + 4 + 65 - (-469 + 513)?
24
What is 36 + (-37 - (-1 + 24))?
-24
Calculate -7 - (0 + -44 + -74 + (151 - 73)).
33
Evaluate 7 - 8 - (-236 - -246) - 118.
-129
Calculate (-26 - (-33 + -10)) + -36.
-19
Calculate (45 + 6 - 4) + -5.
42
What is 6 + (-91 - -54 - (-19 + 5))?
-17
What is -364 + 367 + (34 - 0) - 21?
16
What is (38 - 55) + -7 + 88 - 6?
58
Evaluate -1 + 28 + -9 + 7 + (252 - 245).
32
Calculate 6 + 6 + 1 + -4 - (-447 - -427).
29
Evaluate 45 + 1 - (-11 + 40 - 18 - (1 + 0)).
36
What is 92 + -58 - (32 + -7 + 6)?
3
2 + (-3 - 4) + (-24 + -13 - 1)
-43
What is the value of 1 + 1 + 24 + (-225 + 332 - 111)?
22
-25 + -2 - (4 + 13 + -3 + -10)
-31
What is the value of (-69 - (-3 + 1)) + (118 - 8 - 117)?
-74
What is (-1 - 9) + (65 - 6) + (7 - -7) + -7?
56
What is the value of -106 + (-192 - -204 - (0 - 20))?
-74
What is the value of 57 - -1 - (559 - 574)?
73
What is 67 - (-32 + 88 - 16)?
27
(101 - 153 - 67) + 115
-4
What is the value of -13 + (15 - (51 - 23) - 7)?
-33
Calculate 20 + (-45 - -21 - (-7 - (6 - -99))).
108
What is the value of (-24 - -2) + (-1 - -2) + 19 + 90?
88
43 + (-87 - (16 - 56))
-4
What is the value of -42 + (11 - (67 - 50))?
-48
68 - (36 + -6) - (12 - (8 + -11))
23
Calculate 31 + (-73 - -36) + (0 - (2 + -5)) + 3.
0
What is the value of 0 + -18 - (33 - (-32 - (-43 - 28)))?
-12
(1466 - 1453) + (1 - -4) + 2
20
What is -2 - 0 - (-110 + 169 + -23)?
-38
What is -16 + -27 + 35 - 49?
-57
Calculate -913 + 873 - (13 + -4).
-49
What is the value of -29 + -1 + 105 + -304 + 128?
-101
What is 432 - 369 - (30 + -5)?
38
Evaluate 45 + 2 - (24 + 61 - 65).
27
What is (8 - 11) + (10 - 18) + -49 + 33?
-27
Evaluate (7 - ((-4 - 22) + 20)) + 6 + 0.
19
(66 + -46 - 26) + 8
2
What is the value of 143 + -22 + -20 + (2 + -14 - 6)?
83
(-1936 - -1947) + (-2 - (1 - (-2 + 2)))
8
Calculate 11 + -10 + (4 - (13 - (7 - 0)) - 26).
-27
Evaluate -39 + -1 - (8 + 0 - (447 - 420)).
-21
Evaluate (-13 - -5 - 1 - 1 - 7) + -1.
-18
What is the value of 99 + 0 + 1 - (576 + 0 - 576)?
100
Evaluate -8439 + 8306 - (-1 + -53).
-79
What is (30 - 20) + (1 - -11) + 16 + -19?
19
-2 - (-8 - (10 + -14 + -6 - -5 - -2))
3
What is the value of 55 - (-8 + 38 + -30)?
55
Calculate -12 + 17 + (6 + -20 + 1 - -11).
3
Calculate 78 - (12 - (-11 - 15)).
40
What is -25 + (21 - (-34 - -27)) + -17?
-14
13 + -7 + -16 + 84 + 2 - -4
80
Evaluate -91 + -76 + 235 - -43.
111
Calculate 83 + -87 - (11 + (9 - -25)).
-49
What is the value of -16 + (81 - 64) + -15 + 3 + 0?
-11
17 - 2 - (113 - (7 + -18 + 13))
-96
-4 + (15 - 2 - (-7 - -5))
11
What is the value of -3 - ((-11 - -28) + 1 + -5)?
-16
What is (113 - 124 - ((2 - 1) + -2)) + 59 + -5?
44
What is (-71 - (-146 - -74) - (1 + -32)) + 2 + 0?
34
-14 + -48 + 40 + 3
-19
What is -1 + (8 - (-27 + 12)) + 19?
41
What is the value of 91 - (119 - 98 - (2 + 5 - (-36 + 28)))?
85
-17 + (12 - 78) + 72
-11
What is (-19 - (-41 + 10)) + (8 - 8) + -61?
-49
What is the value of -88 - -2 - (24648 - 24691)?
-43
(7 + -13 + 8 - 16) + -2
-16
Evaluate 4 + (1 - ((-39 - -5) + 28 + -121 + 2)).
130
(-157 - -101) + -61 + (3 - (-5 - 2))
-107
What is the value of -43 + 33 + -13 + (2 - 3 - 37)?
-61
What is the value of (-1 - -6) + -7 + (-1 - -12) + 1485 + -1491?
3
73 + -1 + 4 + 1296 + -1322
50
-13 - -36 - 27 - (2 + 133 + -5 + -6)
-128
76 + -80 + (-3 - -17) + -138 + 10
-118
What is 7 - -1 - (-94 - (-162 + 130))?
70
(-3 - -12) + (-8 - (50 + -43)) + 31
25
-20 + -8 - -30 - (-3 + 4 + (4 - 29))
26
What is -11897 + 11966 - (0 - -33)?
36
What is the value of -1 + -17 - (-4 - (-30 - 10))?
-54
(181 - 41) + 197 + -227
110
-15 + -48 + 1 + 48
-14
What is the value of 12 - 32 - (18 - 17 - (1 - -85))?
65
What is the value of 3 + -1 + 18 + 31?
51
Calculate 4 - 68 - (-12 - (10 + -24 - -2)).
-64
0 - 0 - 41 - (-25 + (-10 - (-14 - 19)))
-39
What is 0 - (8 + -14 + 19 - 15)?
2
-99 - ((-107 - 117) + 117)
8
Evaluate (-1 - 31) + (-1055 - -1079) - (-1 + 11).
-18
What is -30 + 7 + 10 + (-44 - -46)?
-11
Evaluate 249 - 247 - (14 + (-7 - -9)) - 7.
-21
Evaluate -3 + (-739 - -750) + 131 + -1 + -1 - 13.
124
Calculate -4 + 11 + -52 + (-31 - (3 - 26)).
-53
Calculate -1010 + 1032 - (8 + -5 + 2).
17
What is the value of -340 + 330 - (-14 - (6 - 12))?
-2
Calculate 8 - 9 - 20 - (0 + -25).
4
What is (3 - -10) + -1 - (13 + -4 + -12)?
15
Calculate (33 - (-34 - -49)) + (-3 - -57).
72
Calculate 3 + -99 + 55 - -48.
7
What is the value of (-39 - -17) + 34 - -36?
48
What is 127 - 137 - -4 - ((-1 - -1) + 9)?
-15
What is ((-13 - -16 - 50) + -14 - -12) + -16?
-65
Calculate (3 - -10) + -67 - (-201 - -225).
-78
Evaluate 2 - (32 + -13 + -29) - 72.
-60
Calculate -24 - -12 - -21 - ((0 + 8 - 11) + -2).
14
What is the value of -32 - -68 - (20 + -4)?
20
What is (135 - 127) + (10 - 0) - (-68 + 192)?
-106
What is -73 + (16 - ((9 - (-7 + -10)) + -9))?
-74
What is the value of 1 + 25 - (-1400 + 1416) - (97 - 1)?
-86
Calculate 52 + (-151 - -159) + 2 + (-1 - 13).
48
Calculate (-94 - (-17 + 20)) + 44.
-53
Calculate 15 + 37 - (-10 - (19 + -6 + -27)).
48
(11 + 17 - -11) + (-5 - (-14 - -27))
21
What is 49 - (68 - (32 - 28))?
-15
What is the value of 12 + -5 - (-15 + -8 + 17) - 35?
-22
10 + 8 + (-23 + 7 - 2 - (-8 - 0))
8
Calculate (-5 - -9) + 6 - (-2 - -3 - (97 - 109)).
-3
Calculate 603 + -534 - (43 - 11).
37
What is the value of 12 - (-11 - (14 + 14 + -16 + -8))?
27
Evaluate 0 - (0 + 16 + -8 - 17 - -20).
-11
What is the value of 2 - (-2 - (-53 + 80))?
31
-8 + (43 - 23) + -24 + (16 - 3)
1
Evaluate -13 + -6 + 26 + -10 + -5 - 4.
-12
What is -30 - (-2 + 3) - (-431 - -427)?
-27
Calculate (5 - (-28 + -1)) + 18.
52
49 - ((-9 - 22) + 82)
-2
What is 224 + -45 + -194 - (15 + 1)?
-31
What is -4869 + 4841 + -2 + 33 + -3?
0
-3 + 1 + (17 - 5) - 17
-7
Calculate -3 - (8 - -19) - (-87 + -49).
106
What is the value of -1 - 44 - (1 + 39 - (2 + 26))?
-57
Calculate (0 - 77) + (7204 - 7217).
-90
What is 43 + (-25 + (11 - 13) - -19)?
35
What is the value of (7 - (-7 + 0 - 2)) + 24 + -31?
9
What is the value of 29 - (9 - -38) - (-34 + 72)?
-56
Calculate (3 + -1 - -20) + (-29 + -82 - -201).
112
Evaluate -43 + (-1 + 48 - (261 + -253)).
-4
What is -4 - (22 + -2 - (605 + -639))?
-58
What is (-8 + -4 - -5) + 2 + 0 + (14 - 46)?
-37
Calculate -21 + 2 - (92 + -63).
-48
(-13 - -6 - (15 + -47 + -13 + 26)) + -49
-37
Calculate 18 + -16 + 6 - (4 + -1) - (45 + 0).
-40
1 + 30 + -2 - (507 + -109 + -381)
12
What is (-6 - (-20 + (-2 - -4) + -81 + 95)) + -98?
-100
-33 - (-1 + 2 + -25 + (-26 - -52))
-35
What is -23 + (16 + (10 - 11) - -14)?
6
What is the value of 10 - (26 + -42) - 1 - 98?
-73
-453 + 411 + (-3 - (4 - 17))
-32
What is the value of (206 - 246 - (-24 - 4)) + 37?
25
Evaluate 7 + -5 + 85 - (24 - 48 - -33).
78
What is the value of -106 - (-295 - -120) - 116?
-47
-30 + -1 + 1 - (7 - 5)
-32
What is the value of -3 + -5 - -3 - (47 - 71)?
19
-21 - ((-429 - -423) + (2 - 48))
31
Evaluate -289 + 269 - (5 - 0 - (42 + -90)).
-73
(22 - -1 - 2) + -3 + -7 + -48
-37
What is the value of (-51 - -37 - -18) + (-1 - -2 - -1) + 7?
13
Evaluate (3 - ((-4 - -3) + 0)) + -6 + -14.
-16
-16 + 7 - (-5 - 22) - 14
4
What is 12 + 0 + -11 + 8 + 8 + -11?
6
21 + -6 + (30 - -15 - 32)
28
(1 - 20) + (-73 + 105 - 18) + -36
-41
Evaluate (-135 - -121 - (-16 - -2)) + -52 + 15.
-37
What is the value of -3 + 2 + (-13 - -2) - (-17 - (105 + -84))?
26
(-2024 - -2133) + (-4 - 69) - (-1 - (-1 + 8))
44
What is -75 + (-24 - -108) + (2 - 17)?
-6
Evaluate (-1 + -1 - -1) + (-16 + 20 + -9 - 48).
-54
What is -53 - (55 + -33 - 116)?
41
What is (-2 - 18) + (5 + 3 - -7) - -24?
19
Evaluate 99 - (32 + 2 + -30 - -20).
75
What is the value of -5 - -7 - (-7 - (3 + -18)) - (4 + 0)?
-10
What is -19 + 15 + (-26 - 4)?
-34
What is 1697 + -1686 + (-1 - 27 - -1)?
-16
What is (-10 + -36 - 19 - (9 - (-3 - -5))) + 2?
-